or of k and f?
2
Suppose 40*g + 4*k + 9 = 37*g, g - k = 11. What is the greatest common factor of g and 2065?
5
Let f be -5 + (2 - (-72 - 2)). Let o be 71*(6/18 + 120/18). What is the greatest common divisor of o and f?
71
Let b(o) = -o**3 - 5*o**2 + 13*o + 87. Let n be b(-6). Calculate the greatest common factor of n and 279.
9
Suppose 0 = -28*i - 6*i + 136 + 68. What is the highest common factor of 32 and i?
2
Suppose 83*b - 85540 = 53651. What is the greatest common divisor of 117 and b?
39
Let n be 61/((-5185)/(-102))*120. Calculate the highest common factor of 612 and n.
36
Suppose 0 = 5*k + w - 23, w - 4*w - 31 = -5*k. Suppose 5*c = h + 3 + 9, -k*h = -c + 12. What is the greatest common factor of c and 58?
2
Let g(m) = -m**3 + 15*m**2 - 2*m - 13. Let b be g(10). Let d = 89 - b. Let h = 665 + d. What is the highest common divisor of 41 and h?
41
Let h = 9 - 9. Suppose h*t + 5*t - 320 = 0. Let f = 2 + 158. What is the highest common factor of f and t?
32
Let x be -6*2/(-4) + 13. Suppose x = -3*i + 19. Let w be 24/(-5)*((-40)/12)/i. What is the highest common factor of w and 176?
16
Let z = -17591 + 19416. Calculate the highest common divisor of 425 and z.
25
Suppose 4*u + 403 = -2*k + 7*k, 2*k = -2*u + 136. What is the greatest common factor of k and 1815?
15
Let j = 3175 - 1776. Suppose -8*d = -j - 1161. What is the highest common divisor of 240 and d?
80
Let w(l) = 15*l**2 - 23*l + 32. Let p be w(10). What is the greatest common divisor of p and 930?
186
Let s(r) = -3*r - 20. Let n = 44 + -62. Let c be s(n). Suppose 3*f = 68 + 85. What is the highest common divisor of f and c?
17
Suppose 2*a = -5*j + 15313, -4*j = -4*a - 4647 - 7637. Calculate the highest common divisor of j and 5.
5
Suppose 279 + 45 = -18*q. Let f be 42/q*-21 - (-1 + 3). What is the highest common factor of f and 376?
47
Let i = 1015 + -1014. Let w(f) = 170*f**2 - 24*f + 23. Let b be w(i). What is the greatest common divisor of b and 1?
1
Suppose 2*h = u - 5*u + 46, -2*h = -4*u + 26. Let f be (5 + -4)*-4 + 2. Let t be (f/(-4))/(5/810). What is the greatest common factor of u and t?
9
Suppose 11*h - 8*h = 126. Let w be h*(-1 + ((-10)/3)/(-2)). What is the greatest common divisor of w and 56?
28
Suppose -4*l - l + 25 = 0. Suppose -339 = -2*g - c, 0*g - 511 = -3*g - 2*c. Let x = 212 - g. Calculate the highest common factor of x and l.
5
Let l be ((-408)/5)/(-22 - (-8175)/375). Let q be (3/4)/((-1)/(-128)). What is the highest common factor of l and q?
24
Let i(f) = -589*f - 13. Let k be i(-1). Let p = k - 498. What is the greatest common divisor of p and 26?
26
Let j(f) = 3160*f + 100. Let s be j(2). What is the highest common divisor of 40 and s?
20
Suppose 762*w - 766*w + k + 10550 = 0, 18 = 3*k. What is the highest common divisor of w and 91?
91
Suppose -2*o = -k - 385, 0 = 5*o - 36*k + 34*k - 960. Let y = -36 + 74. What is the highest common divisor of o and y?
38
Let j(r) be the first derivative of -29*r**2/2 - r - 3. Let c be j(-1). Suppose 24*p - 77 = 13*p. What is the greatest common factor of c and p?
7
Let o be (-38)/76 - (-15345)/10. Calculate the highest common factor of 52 and o.
26
Suppose -50*a = -41*a. Suppose 14*x - 1225 - 1869 = a. Calculate the greatest common divisor of x and 17.
17
Let d be ((-2 + -2)/8)/2 - (-60263)/28. What is the highest common divisor of d and 8?
8
Let w be -21*23/322*(-8)/1. What is the greatest common divisor of w and 136?
4
Let u = -393 - -417. Suppose -k + u*m + 288 = 22*m, -2*m = 2*k - 576. What is the highest common factor of 9 and k?
9
Let o = -3 + 1. Let p be (-13 - -1)*o*2. Suppose 82935 = -354*r + 125415. What is the highest common divisor of p and r?
24
Suppose 3*m + o + 2 = 2*m, -25 = -5*m + 2*o. Let c(t) = 9*t + 79. Let f be c(-8). Calculate the greatest common divisor of m and f.
1
Let l = 620 + -635. Let n be (22472/(-6))/(-4) - (-5)/l. What is the greatest common factor of n and 72?
72
Suppose 2*j - 6102 = 4*s, 45*s - 46*s + 3039 = j. What is the highest common factor of j and 136?
17
Suppose 5*g - 306 = -a, -12*a + 8*a - 4*g = -1192. Suppose u = 4*f + 304, 3*f - a - 268 = -2*u. Calculate the highest common divisor of u and 18.
18
Let w = -302 - -305. Let h be ((-21)/(-6) - w) + 142/4. Calculate the greatest common factor of h and 126.
18
Let y be (-2)/20 - (-23155)/550. Suppose 10*f - 192 = 2*f. Calculate the greatest common divisor of f and y.
6
Let a(s) = -8*s**2 - 25*s + 2. Let u be a(-3). Suppose -18 = -4*m - u*q, 0 = m - 0*m - q. Let x = 27 + -1. Calculate the greatest common divisor of m and x.
2
Let a = -68 - -37. Let f = -28 - a. Let o be (5 + 1 - 1) + f. What is the highest common factor of 32 and o?
8
Let m be (-4 + 10)*(-3)/(-6). Suppose 5*r + 3*o - 241 = -0*o, 135 = m*r + 5*o. Let z = r + -35. Calculate the highest common factor of 165 and z.
15
Let b(p) = -p**2 - 43*p + 349. Let d be b(-49). Calculate the highest common factor of 1771 and d.
11
Let c = -4 - -11. Let k be (0/3)/(-3 - (6 - 4)). Suppose -64*o + 69*o - 175 = k. Calculate the highest common divisor of o and c.
7
Suppose 0 = -g - 6*i + 482, 5*i = -5*g + 4*i + 2584. What is the greatest common divisor of g and 70?
14
Suppose -5*v + 27 = -83. Let p(q) = q**3 - 11*q**2 - 24*q + 1. Let h be p(13). Suppose 0 = o - 28 - h. Calculate the highest common factor of v and o.
11
Let p(n) = -6*n**2 + 11*n - 9. Let o(k) = 5*k**2 - 11*k + 10. Let q(c) = 5*o(c) + 4*p(c). Let d be q(11). What is the greatest common divisor of d and 126?
14
Let c be (-1)/(4*6/(-480)). What is the highest common factor of c and 52?
4
Let n(z) = -4*z + 3 + 54*z**2 + z + 0*z. Suppose 4*g = -3*x + 1, 2*x - 1 = -2*g + x. Let u be n(g). What is the greatest common factor of u and 81?
27
Let y = 62 + 168. Let i = -139 - -149. Calculate the highest common factor of i and y.
10
Let i(u) = -u**2 + 4*u + 29. Let j = 54 - 76. Let x be 70/j + 14/77. Let s be i(x). What is the highest common factor of s and 6?
2
Suppose -763 = -u - 5*m - 412, 4*m - 12 = 0. What is the greatest common factor of 720 and u?
48
Suppose -41*z - 320 = -33*z. Let k be (z/(-18) - 1) + 8/(-36). Calculate the greatest common factor of k and 1.
1
Let t = 119 - 112. Let r(w) = -2*w**2 - 74*w + 21. Let s be r(-37). What is the greatest common factor of t and s?
7
Suppose 4*h - 4*d = 0, h - d = -2*d + 4. Suppose 352 = -h*t + 13*t. What is the highest common divisor of t and 96?
32
Suppose 2*s = 4*h + 26, -s - 10 = 5*h + s. Let v be (h - 36/(-6)) + 398. Calculate the greatest common factor of 10 and v.
10
Suppose -1211*m = -1212*m + 47. Calculate the greatest common divisor of m and 752.
47
Let z(t) = t**3 - t**2 - 25*t - 22. Let u be z(11). Suppose -4*x + 1607 + u = 0. What is the greatest common divisor of x and 21?
21
Suppose -519*t - 5*f = -522*t + 615, 3*f = 3*t - 621. What is the highest common factor of 3864 and t?
42
Let t be 6/(-5) + 1 - (-656)/80. Suppose 4*c = 4*b + 16, 4*c - 30 = -5*b - 5. Suppose -c*n + 10 + 30 = 0. What is the greatest common divisor of n and t?
8
Suppose 0 = -2*r - 0*r - 2*g + 330, 5*g + 5 = 0. Let k = r - 121. Calculate the highest common divisor of 240 and k.
15
Let j be (7 - -5903)*60/72*(-3)/(-5). Calculate the highest common divisor of j and 105.
15
Suppose -338 + 2 = -2*m. Suppose -39*o = -47*o + m. Suppose 3*b = 3*i + 6, -5*b + 7 = i - 9. What is the greatest common factor of b and o?
3
Suppose 7*q - 7*q - 183 = -3*t - 3*q, -5*q = 0. Calculate the greatest common factor of t and 2379.
61
Let s be (-1)/((-8)/(-20))*(-36)/(-45). Let l be ((1 - -1)*3)/(s/(-153)). What is the greatest common factor of l and 27?
27
Let g be 27*((-34)/(-6) + -2). Suppose -8*p + g = p. Suppose 7*i = p + 45. Calculate the highest common factor of i and 32.
8
Let v(b) = 3*b - 75. Let s be v(25). Suppose 0 = h + 4, s*i = -4*i - 4*h + 84. Calculate the highest common divisor of i and 200.
25
Let d(p) = -p**3 + 6*p**2 + 7*p - 8. Let m be d(6). Suppose 7*o = -7*w + 280, -5*o + 197 = -2*o - 4*w. Calculate the greatest common divisor of o and m.
17
Let l(s) = -220*s - 4. Let p be l(-4). Let d be p/(2 - -1) + 0. Let j = d - 149. Calculate the highest common divisor of j and 13.
13
Let t(a) = -6*a - 39. Let d be t(-6). Let v(z) = -4*z**3 + 13*z + 11. Let q be v(d). Calculate the highest common divisor of q and 